r of r and 13.
13
Let r(p) = -p + 3. Let k be r(-18). Let j(b) = 6*b - 81. Let o be j(k). What is the greatest common factor of 207 and o?
9
Let l(c) = -24*c + 1122. Let v be l(-28). What is the highest common factor of v and 1656?
138
Let n be -3*-375*(-14)/(-126). What is the highest common factor of n and 120?
5
Let m be (-5)/(-10)*(10 - -2). Let r(w) = -w**3 + 2*w**2 + 13*w - 8. Let o be r(5). Let f = m - o. Calculate the greatest common divisor of f and 24.
24
Let j = 1 - -4. Let n(p) = -6*p + 34*p**2 + 12 - 57*p**2 + 29*p**2. Let h be n(j). What is the highest common divisor of h and 12?
12
Let v(x) = 5*x + 40. Let q be v(12). Suppose q = 4*t - 104. Let o(h) = 16*h**2 - h. Let j be o(-1). Calculate the greatest common divisor of t and j.
17
Let t(w) = -4*w**2 + 215*w + 67. Let m be t(54). Suppose -6*h - 208 = -8*h. Calculate the greatest common factor of h and m.
13
Let d be ((-5)/(-60)*-4)/((-2)/804). Let q(k) = 349*k - 14. Let i be q(1). Calculate the highest common divisor of d and i.
67
Let g = 26200 - -6600. Calculate the highest common divisor of 16 and g.
16
Suppose 4*m - 10 = 4*x - 22, -4*m - 19 = 3*x. Let w(o) = 5*o + 21. Let d be w(m). Calculate the greatest common factor of 54 and d.
1
Let p be -4*90/(-100)*5. Let c be 158 - (0 + -6 - -2). Calculate the greatest common divisor of p and c.
18
Suppose 0 = 3*y + 3*p - 3, -y + 0*y - 7 = 5*p. Suppose 5*x - 25 = 0, v - x - 1 + 4 = 0. Suppose -v*t - y = -17. What is the greatest common divisor of t and 14?
7
Let q = 172 + -164. Suppose 5*m = -4*n + 52, -q*n + 4*n - 2*m + 40 = 0. Let d = -381 - -533. Calculate the greatest common divisor of n and d.
8
Let h(d) = 3*d**2 + 476*d + 2348. Let w be h(-5). What is the greatest common divisor of w and 43?
43
Let w = -244 - -249. Let m be ((-800)/(-120))/(w/18). What is the greatest common divisor of m and 144?
24
Let w be 41 - (7 + 1/1). Calculate the greatest common factor of 869 and w.
11
Let t be (8/(-12))/((-8)/48). Let k(f) = 23*f**2 - 79*f + 2. Let b be k(t). Calculate the greatest common factor of 189 and b.
27
Let g(m) = 24*m + 42. Let z be g(15). Suppose -z = -2*o - 146. Calculate the greatest common factor of 16 and o.
16
Let u = -498 - -1003. Suppose u = 10*z - 395. Calculate the highest common factor of 10 and z.
10
Let p = 10 + 2. Suppose 336 = 18*a + p. Let z(g) = -g**2 - 18*g - 29. Let f be z(-14). Calculate the greatest common factor of f and a.
9
Let f(z) = -25*z + 17*z - z - 52 + 16*z. Let h be -11*1/(-2 + 1). Let u be f(h). What is the greatest common divisor of u and 25?
25
Suppose 4*d - 2345 = -d. Let y be 12/14 + (-21970)/70. Let l = y + d. Calculate the highest common divisor of l and 13.
13
Let m(v) = 522*v + 3114. Let l be m(-5). What is the greatest common divisor of l and 180?
36
Suppose -5*t + 124 = 3*u, 3*t - 549 + 465 = -2*u. Calculate the highest common divisor of u and 2760.
24
Let f(t) = 3*t**2 + 14*t - 1. Let x be f(-5). Let n = 9 + -5. Suppose n*p - 276 = 2*s, -x*s + 8 = -0*s. Calculate the greatest common divisor of p and 14.
14
Let f(o) = 9*o**3 - o**2 - 6*o + 1. Let c be f(-2). Let x = 61 + c. Let p be 2*(6/(-6))/(x/8). Calculate the highest common divisor of p and 64.
8
Let b = 5183 - 5066. What is the highest common divisor of b and 207?
9
Suppose -3*l + 18*l - 60 = 0. Suppose 0 = -4*s + 2*k + 174, 0*s + 4*k + 168 = l*s. What is the highest common divisor of s and 30?
15
Let z be 135 + -1 + (7 - 5). Let v(u) = u**2 + u + 87. Let s be v(0). Suppose -10*m + 83 = -s. What is the greatest common factor of m and z?
17
Let k = 56 - 51. Suppose 4 = k*h - 226. Let c(r) = 19*r**2 - 3*r + 4. Let g be c(-3). What is the highest common factor of h and g?
46
Let y be -100*(13 + 106/(-8)) + 3. Let j be (126/8)/(6/16). Calculate the greatest common divisor of y and j.
14
Let f(n) = n**2 + 39*n + 386. Let c be f(-26). Let k be 3/(-3) - (-1 - 40). What is the highest common divisor of k and c?
8
Suppose 5*h + 105 = 2*h. Let w = -16 - h. Let x be (15 - 53)*(-3)/2. Calculate the highest common divisor of x and w.
19
Let g be ((-282)/7)/(-2) - (-4)/(-28). Let l be 41 - ((-24)/(g/(-5)))/2. What is the highest common divisor of 171 and l?
19
Suppose 0 = -834*r + 827*r + 14. Suppose -3*c = 2*l - 117, r*l - 162 + 20 = 2*c. Calculate the highest common divisor of l and 374.
22
Suppose 0 = -4*a - 3*n + 231, -n = 49*a - 50*a + 63. Let c be (-10)/(-35) + 1172/14. Calculate the greatest common divisor of c and a.
12
Let v = -454 + 472. Let p = -60 + 132. What is the greatest common divisor of v and p?
18
Let u = -1773 - -1776. Let v(o) = 48*o**3 - o**2 + o. Let k be v(1). Suppose -u*w - 15 + k = 0. What is the greatest common divisor of 33 and w?
11
Let b be ((-5)/(-10) + 4 + -5)/((-6)/24). Suppose -5*k = -31 + 6. Suppose -a = i - 12, k*i + 3*a - 68 = -0*i. Calculate the greatest common factor of i and b.
2
Let a = 6 - -70. Let c = -36 + a. Suppose 4*q - 16 = 2*o, 12*q = 7*q - 4*o + 33. Calculate the highest common factor of c and q.
5
Let t = 23844 + 8236. What is the greatest common divisor of 20 and t?
20
Let i(h) = -h - 24. Let t(m) = -2*m - 24. Suppose 2*k = -3*k - 30. Let s(r) = k*t(r) + 7*i(r). Let f be s(10). Calculate the highest common divisor of 13 and f.
13
Let b be 1/2*4 - -12. Let y be (-2 - (-4 + 2))*1/2. Suppose y = 8*o - 837 + 53. What is the greatest common factor of o and b?
14
Suppose -282*p - 100 = -302*p. Let y(u) = -u + 95. Let s be y(0). Calculate the highest common divisor of s and p.
5
Suppose 142 = 3*t + z, -z + 4*z - 12 = 0. Suppose t*r - 53*r = -1274. What is the highest common factor of r and 28?
14
Let a(l) = 932*l - 8351. Let d be a(9). Suppose 0 = -3*j + 4*n + 1903, -2*j - j + 1891 = -n. What is the greatest common factor of d and j?
37
Let a = 8638 + -2846. What is the greatest common factor of 32 and a?
32
Suppose -11 = -2*p - 17. Let q be (-3 - (-3 - p))/(18/(-42)). Suppose 0 = q*t - 26 - 184. What is the highest common factor of 75 and t?
15
Let f be 33593/(-35)*-5 + -31 + 29. Calculate the greatest common factor of 65 and f.
13
Suppose 7*l + 5*m = 9*l - 495, 5*l - 1222 = -3*m. Calculate the greatest common factor of l and 539.
49
Let n be (-6)/(-4)*3304/(-177)*1428/(-2). Calculate the greatest common divisor of n and 48.
24
Let p be 6 - -1*15/5. Let g be 0/p - 4*-1. Suppose -5*n = -g*r - 135, 3*n - 5*r - 79 = 2. Calculate the greatest common divisor of n and 9.
9
Suppose 7*a - 4*a + 2*c - 5237 = 0, 3*a - 5213 = 4*c. Let t be a/166*1*10. Calculate the highest common divisor of t and 30.
15
Suppose u = -15 - 21. Let f = 40 + u. Suppose 0 = -f*m - m + 350. Calculate the highest common factor of m and 14.
14
Suppose 5*h - 4*s - 272 = 0, 4*s = 14 - 6. Suppose y + q = 9, -2*y + 46 = 3*q + 35. What is the highest common divisor of h and y?
8
Suppose -8*u + 27 = 3. Suppose -3*z - 5*w - 76 = 0, -z - u*w = -3*z - 76. Let y = z + 58. What is the greatest common divisor of 182 and y?
26
Let f(r) = -3*r**2 + 14*r - 6. Let i be f(4). Let h be (67 - i)/(3/3) + 5. What is the greatest common factor of h and 105?
35
Let f = 48 - 44. Suppose -f*y - y + 240 = 0. Suppose -26*j + 30*j - 140 = -5*t, 0 = -5*t - 3*j + 145. What is the highest common divisor of y and t?
16
Let d(k) = k**3 - 4*k**2 - 26*k + 84. Let f be d(7). Calculate the greatest common factor of f and 49.
49
Let b(z) = z**3 + 16*z**2 - 13*z + 7. Let w be b(-17). Let l = w - -81. Calculate the greatest common factor of 16 and l.
4
Suppose -1442*k - 15312 = -1471*k. What is the greatest common factor of k and 27?
3
Suppose 2*x = -21 + 47. Suppose -4*s = -2*s - 130. What is the highest common divisor of x and s?
13
Let s = 1439 + -1098. Suppose -17*y = -s + 35. Let f be (-2)/(-2*(-1)/(-198)). What is the highest common divisor of f and y?
18
Let g(l) = 7*l - 32. Let w be g(5). Suppose 0 = -w*a + 308 - 53. What is the greatest common factor of 34 and a?
17
Suppose -i = -16*i - 2151 + 9501. Calculate the highest common factor of i and 406.
14
Suppose -128*x - 6 = -129*x. Let f(q) = -q**3 - 8*q**2 - 11*q - 16. Let j be f(-8). Suppose -204 = -11*k - j. Calculate the highest common divisor of k and x.
6
Let r = -3144 + 3174. Calculate the greatest common factor of 1605 and r.
15
Let z = -3457 + 3548. Calculate the highest common divisor of 39 and z.
13